te the remainder when 237 is divided by 76.
9
What is the remainder when 753 is divided by 69?
63
Calculate the remainder when 638 is divided by 64.
62
Calculate the remainder when 2730 is divided by 681.
6
What is the remainder when 860 is divided by 27?
23
Calculate the remainder when 331 is divided by 179.
152
Calculate the remainder when 13121 is divided by 27.
26
Calculate the remainder when 331 is divided by 67.
63
What is the remainder when 3284 is divided by 18?
8
Calculate the remainder when 5279 is divided by 8.
7
What is the remainder when 56 is divided by 17?
5
What is the remainder when 668 is divided by 194?
86
Calculate the remainder when 74 is divided by 19.
17
Calculate the remainder when 262 is divided by 87.
1
Calculate the remainder when 173 is divided by 81.
11
What is the remainder when 683 is divided by 53?
47
Calculate the remainder when 734 is divided by 6.
2
Calculate the remainder when 70 is divided by 24.
22
What is the remainder when 4201 is divided by 9?
7
What is the remainder when 239 is divided by 40?
39
Calculate the remainder when 3124 is divided by 5.
4
Calculate the remainder when 121 is divided by 4.
1
Calculate the remainder when 209 is divided by 93.
23
Calculate the remainder when 146 is divided by 38.
32
What is the remainder when 212 is divided by 16?
4
Calculate the remainder when 99 is divided by 18.
9
What is the remainder when 385 is divided by 25?
10
Calculate the remainder when 271 is divided by 11.
7
What is the remainder when 2071 is divided by 31?
25
What is the remainder when 350 is divided by 126?
98
What is the remainder when 1811 is divided by 601?
8
Calculate the remainder when 51 is divided by 13.
12
What is the remainder when 2495 is divided by 16?
15
What is the remainder when 110 is divided by 107?
3
Calculate the remainder when 3472 is divided by 19.
14
What is the remainder when 60 is divided by 7?
4
Calculate the remainder when 89 is divided by 36.
17
Calculate the remainder when 144 is divided by 4.
0
What is the remainder when 441 is divided by 111?
108
What is the remainder when 334 is divided by 28?
26
What is the remainder when 962 is divided by 17?
10
What is the remainder when 70 is divided by 15?
10
Calculate the remainder when 1246 is divided by 74.
62
What is the remainder when 131 is divided by 115?
16
What is the remainder when 665 is divided by 18?
17
What is the remainder when 2448 is divided by 175?
173
What is the remainder when 137 is divided by 64?
9
Calculate the remainder when 67 is divided by 46.
21
Calculate the remainder when 6 is divided by 4.
2
Calculate the remainder when 408 is divided by 59.
54
What is the remainder when 130 is divided by 28?
18
Calculate the remainder when 408 is divided by 387.
21
Calculate the remainder when 7909 is divided by 92.
89
Calculate the remainder when 1030 is divided by 172.
170
What is the remainder when 46 is divided by 27?
19
Calculate the remainder when 599 is divided by 36.
23
What is the remainder when 121 is divided by 34?
19
Calculate the remainder when 59 is divided by 36.
23
Calculate the remainder when 131 is divided by 24.
11
What is the remainder when 30 is divided by 20?
10
What is the remainder when 421 is divided by 72?
61
Calculate the remainder when 81 is divided by 44.
37
Calculate the remainder when 1199 is divided by 598.
3
What is the remainder when 171 is divided by 28?
3
Calculate the remainder when 1448 is divided by 180.
8
Calculate the remainder when 50 is divided by 28.
22
Calculate the remainder when 739 is divided by 19.
17
Calculate the remainder when 51 is divided by 19.
13
Calculate the remainder when 107 is divided by 86.
21
Calculate the remainder when 47 is divided by 17.
13
What is the remainder when 216 is divided by 73?
70
Calculate the remainder when 1297 is divided by 42.
37
Calculate the remainder when 378 is divided by 20.
18
What is the remainder when 503 is divided by 42?
41
Calculate the remainder when 454 is divided by 16.
6
What is the remainder when 110 is divided by 65?
45
Calculate the remainder when 62 is divided by 8.
6
What is the remainder when 196 is divided by 40?
36
What is the remainder when 9795 is divided by 101?
99
What is the remainder when 27 is divided by 14?
13
What is the remainder when 404 is divided by 20?
4
What is the remainder when 136 is divided by 34?
0
Calculate the remainder when 503 is divided by 128.
119
What is the remainder when 288 is divided by 288?
0
What is the remainder when 51 is divided by 9?
6
Calculate the remainder when 1246 is divided by 104.
102
Calculate the remainder when 2915 is divided by 12.
11
What is the remainder when 1151 is divided by 164?
3
What is the remainder when 55 is divided by 21?
13
Calculate the remainder when 1056 is divided by 177.
171
Calculate the remainder when 43 is divided by 13.
4
Calculate the remainder when 4047 is divided by 30.
27
What is the remainder when 880 is divided by 64?
48
Calculate the remainder when 117 is divided by 24.
21
Calculate the remainder when 638 is divided by 63.
8
Calculate the remainder when 130 is divided by 12.
10
What is the remainder when 1992 is divided by 106?
84
Calculate the remainder when 2289 is divided by 79.
77
What is the remainder when 18527 is divided by 32?
31
What is the remainder when 856 is divided by 243?
127
What is the remainder when 1080 is divided by 180?
0
Calculate the remainder when 1447 is divided by 69.
67
What is the remainder when 5517 is divided by 120?
117
What is the remainder when 424 is divided by 13?
8
Calculate the remainder when 651 is divided by 16.
11
Calculate the remainder when 87 is divided by 23.
18
What is the remainder when 428 is divided by 18?
14
What is the remainder when 358 is divided by 28?
22
Calculate the remainder when 90 is divided by 19.
14
What is the remainder when 6364 is divided by 54?
46
Calculate the remainder when 462 is divided by 40.
22
Calculate the remainder when 210 is divided by 33.
12
Calculate the remainder when 176 is divided by 49.
29
Calculate the remainder when 623 is divided by 25.
23
Calculate the remainder when 5948 is divided by 35.
33
Calculate the remainder when 143 is divided by 36.
35
What is the remainder when 892 is divided by 56?
52
What is the remainder when 147 is divided by 117?
30
What is the remainder when 131 is divided by 34?
29
What is the remainder when 98 is divided by 50?
48
Calculate the remainder when 163 is divided by 40.
3
What is the remainder when 164 is divided by 38?
12
Calculate the remainder when 15676 is divided by 78.
76
What is the remainder when 34 is divided by 13?
8
Calculate the remainder when 7930 is divided by 7.
6
What is the remainder when 55 is divided by 15?
10
What is the remainder when 266 is divided by 112?
42
What is the remainder when 43973 is divided by 126?
125
Calculate the remainder when 68 is divided by 9.
5
What is the remainder when 1884 is divided by 82?
80
What is the remainder when 178 is divided by 64?
50
Calculate the remainder when 356 is divided by 15.
11
What is the remainder when 724 is divided by 238?
10
What is the remainder when 935 is divided by 33?
11
What is the remainder when 1435 is divided by 698?
39
Calculate the remainder when 4320 is divided by 3.
0
Calculate the remainder when 947 is divided by 105.
2
What is the remainder when 830 is divided by 49?
46
What is the remainder when 715 is divided by 677?
38
What is the remainder when 5836 is divided by 16?
12
Calculate the remainder when 4179 is divided by 93.
87
What is the remainder when 971 is divided by 9?
8
What is the remainder when 580 is divided by 118?
108
What is the remainder when 2907 is divided by 4?
3
What is the remainder when 522 is divided by 176?
170
Calculate the remainder when 119 is divided by 33.
20
What is the remainder when 217 is divided by 81?
55
What is the remainder when 824 is divided by 55?
54
Calculate the remainder when 176 is divided by 6.
2
What is the remainder when 93 is divided by 35?
23
Calculate the remainder when 441 is divided by 142.
15
What is the remainder when 891 is divided by 23?
17
What is the remainder when 2077 is divided by 176?
141
What is the remainder when 16353 is divided by 26?
25
Calculate the remainder when 14561 is